the prime factors of k?
3, 179
List the prime factors of 3/((-108)/(-48))*70*(-393)/(-2).
2, 5, 7, 131
What are the prime factors of 8/72*9*35317?
35317
Suppose -12 = -6*w, 0 = 2*q - 459*w + 463*w - 11396. List the prime factors of q.
2, 3, 13, 73
Let g(r) = 207*r**3 - r**2 - 7*r + 36. List the prime factors of g(3).
3, 5, 373
Suppose -92*o + 717508 = 7343 - 181775. List the prime factors of o.
5, 7, 277
Suppose -15978 = -5*a - 3*s, 2*a + 22*s - 20*s = 6388. What are the prime factors of a?
2, 3, 13, 41
Let k be 23/69*15/1. Suppose q = -2*m + 2175, k*m - 4*q + 1709 - 7153 = 0. What are the prime factors of m?
2, 17
Suppose 0 = 3*o - 20553 - 66690. List the prime factors of o.
13, 2237
Suppose -72825 + 7452 = -21*t. List the prime factors of t.
11, 283
List the prime factors of (-92219470)/(-8480) + (-1)/(-16).
3, 5, 29
Let q = 45 - 56. Let c(p) = p**3 + 15*p**2 - p + 12. Let j be c(q). Let w = -360 + j. What are the prime factors of w?
3, 7
Let x = 57 - 55. Let y be ((-19)/57)/(x/30). Let z(m) = 9*m**2 + 14*m + 4. List the prime factors of z(y).
3, 53
Suppose -4*v = -2 + 14, 2*v = -4*d + 19782. What are the prime factors of d?
3, 17, 97
Let l(a) = -a**3 - 10*a**2 - 17*a - 4. Let d be l(-8). What are the prime factors of (2/d)/((-37)/(-69930))?
3, 5, 7
Let a = 75 + -45. Let h = -136 + 166. List the prime factors of a - h - 4*134/(-4).
2, 67
Suppose 2*y + 522 - 1883 = -3*x, -3*y + 2032 = -5*x. Suppose 3*j = y + 464. What are the prime factors of j?
3, 127
Let k(j) = j**2 - 2*j + 19. Suppose 114 = 3*p - 5*v, 0*p = 5*p - v - 190. Let n = 47 - p. List the prime factors of k(n).
2, 41
Let h(b) be the second derivative of -b**5/4 - b**4/12 + b**3/6 + 2*b**2 + 12*b. Let c be h(-3). Suppose 4*d = 41 + c. What are the prime factors of d?
2, 3, 7
Let u(d) = -35*d + 73. Let m be ((-154)/(-70))/(1/(-5)). List the prime factors of u(m).
2, 229
Let u = 22 + 2. Let i(w) = -2*w**2 + 78*w + 1. What are the prime factors of i(u)?
7, 103
Suppose 4*n - j - 27709 = 0, 2*n + j - 6595 - 7258 = 0. What are the prime factors of n?
3, 2309
Let w = -13496 - -22182. List the prime factors of w.
2, 43, 101
Let w = 106 - 355. Suppose 2*c + 93 = -q, q = -2*q - 5*c - 277. Let n = q - w. List the prime factors of n.
2, 5
Let s = -17 - 179. Let j be (-197)/(-15) - (s/105)/(-14). Suppose j*u = 12*u + 181. List the prime factors of u.
181
Let u(p) = p**3 + 6*p**2 + p + 8. Let r be u(-7). Let j = -43 - r. Suppose 0 = j*s + c - 388, -2*s + 0*c - 2*c = -152. What are the prime factors of s?
2, 3, 13
What are the prime factors of (-362632)/(-9) - 21/(1701/36)?
2, 7, 1439
Let f(z) = -4*z**3 - 143*z**2 + 53*z + 216. What are the prime factors of f(-43)?
2, 3, 13, 661
Let v(i) = 65*i + 54. Let g be v(-28). List the prime factors of (g/12)/((-1)/(-6)*-1).
883
Let v(j) = -j**3 + 10*j**2 - j + 16. Let g be v(10). Suppose -22 - 134 = -g*h. Let f = 57 + h. What are the prime factors of f?
83
What are the prime factors of 100495/202*234/15?
3, 13, 199
Let d = 360 - 184. Let s = 160 + d. What are the prime factors of s?
2, 3, 7
Suppose -914 = 4*t - 3426. Suppose 2*l + t = 3*l. List the prime factors of l.
2, 157
Let m = -56659 + 86001. What are the prime factors of m?
2, 17, 863
Let g be 4/(-26) + 252/117 + 658. Suppose -3*b = 11*f - 9*f - 650, -2*f + 2*b = -g. List the prime factors of f.
2, 41
Suppose 62*w + 11722 = 2*q + 60*w, 0 = -4*q + w + 23438. What are the prime factors of q?
3, 7, 31
Let i = 49 + -43. Let v be 2/6*(i/6 - -8). Suppose t + p = -4*p + 223, 0 = v*t - 4*p - 593. What are the prime factors of t?
7, 29
Let s be 21/2 - ((-27)/6)/(-9). Let i be (25/s)/(5/10). List the prime factors of i - 9/2 - (-174)/4.
2, 11
What are the prime factors of ((-15)/1)/3 - 6652*(-32)/8?
37, 719
Suppose 17*u + 0*u = 10418 + 9285. What are the prime factors of u?
19, 61
Suppose -x + 3*o + 9 = 0, 5*x - 5*o - 8 = 17. Suppose -2*w = 5*i - 0*i + 10, -x*i - w = 5. Suppose -8*a + 3*a + 145 = i. What are the prime factors of a?
29
Suppose 4*r + 11 = -5, r = 2*i - 1610. Suppose u = 2*d - i, -4*d = -6*d + 2*u + 806. Suppose -d = -10*v + 6*v. What are the prime factors of v?
2, 5
Let j be -1 + 0 + -127 + -3 + 0. Let m = j + 217. Let c = m - 53. What are the prime factors of c?
3, 11
Let p = 63 - 60. Suppose -4*s - 2*w - p*w = -473, s = -3*w + 113. Let q = s - 86. List the prime factors of q.
2, 3
Suppose 0 = -1675*m + 1689*m - 109298. What are the prime factors of m?
37, 211
Suppose 76*k - 2315824 + 253697 = 1350501. What are the prime factors of k?
83, 541
Suppose 3*z = h - 15081, -5754 - 9335 = -h - z. What are the prime factors of h?
3, 47, 107
Suppose 5*y = -2*i + 525, -933 = -4*i + 2*y + 105. Let v = 1324 - i. List the prime factors of v.
2, 7, 19
Suppose -11 = -3*i + 424 + 2232. What are the prime factors of i?
7, 127
Let n = -114 + 116. What are the prime factors of (-1480)/(-6) - (2/3 - n)?
2, 31
Suppose -29 = -2*t + 5*y, 14*t - 1 = 11*t - y. Suppose 15 = -5*o, -1449 = -t*z + 16*o - 13*o. What are the prime factors of z?
2, 3, 5
What are the prime factors of 304/56 + 5 + -11 - 23209/(-7)?
3, 5, 13, 17
Suppose -28*h - 20 = -29*h. Suppose 0 = h*n - 8745 + 1845. List the prime factors of n.
3, 5, 23
Suppose 4*r - 77 = -4*a - r, 20 = a + 2*r. Suppose 5*f - 28 = -a. Suppose -f*w = 3*w - 295. What are the prime factors of w?
59
Let y be 6/18 + (-43)/6*-1018. Suppose 11*x - 2483 - y = 0. What are the prime factors of x?
7, 127
Let a(v) = v**2 - 3*v - 142. What are the prime factors of a(-57)?
2, 11, 149
Suppose 0 = -846*q + 848*q - 8438. What are the prime factors of q?
4219
Let k = 151 - 142. Suppose -5*s + 945 = 5*d, -8*d + k*d = 3*s - 563. What are the prime factors of s?
2, 47
Let s = -183 - -185. Suppose -s*l - l = -3*c - 1773, -l + 595 = -2*c. What are the prime factors of l?
587
Suppose -2 = -2*h - b - 3, -3*h - 4*b - 4 = 0. Suppose 4*a - 3*o - 6804 = 0, -a + o - 4*o + 1686 = h. Suppose -a = -8*w - 594. What are the prime factors of w?
2, 3, 23
Let c = 44 - 43. Let u be (-4 + 0 + c)/(-1). What are the prime factors of (-476)/(-8) - u/2?
2, 29
Let w = 150 + -210. Let r be (w/(-75))/(4/10). Suppose -r*x = -5*x - 2*g + 210, 4*x - 280 = -2*g. What are the prime factors of x?
2, 5, 7
Let m(y) = 6*y + 4*y - 12*y + 31. Let l be m(18). What are the prime factors of 3 - 73*l/5?
2, 19
Suppose w = 3*w - 4, 2*c - 24 = -4*w. Suppose -4*s = 5*v - 2431, c*s = 7*s + 3*v + 629. What are the prime factors of s?
2, 307
Let i = 214 - -22. Let c = i - 157. Suppose -4*d = -c + 19. List the prime factors of d.
3, 5
Let j = -652 - -608. Let w = j - -764. What are the prime factors of w?
2, 3, 5
Let d = 112 + -104. Let m be (-3)/d + 35/(-56). What are the prime factors of (6/9)/(m/(-237))?
2, 79
Suppose -15*f + 7*f + 200 = 0. What are the prime factors of 1 + -7 - (-814 + f)?
3, 29
Let w be ((-12)/42 - 0)*-21. Suppose 6 = w*d - 3*d. Suppose -5*c + 1156 = -d*f - f, -f = 5*c - 1168. List the prime factors of c.
233
Let v = 37226 + -22359. List the prime factors of v.
14867
Let y(i) be the second derivative of 5*i**3 + 4*i**2 - 15*i. Let x be y(5). Suppose 5*h + 5*m = 157 + x, -4*m = 0. List the prime factors of h.
3, 7
Let a = -11 + -12. Let y be (-30)/(-225) + 1663/15. Let u = y + a. What are the prime factors of u?
2, 11
Suppose -5 = -5*o, 0 = 8*v - 9*v + 3*o + 50. Suppose w = 5*s + 26, -2*w + 25 + v = 3*s. What are the prime factors of 381/2 - 6*3/w?
2, 5, 19
Let l = 52 + -40. Suppose 0 = -4*c + 4*k + 24, -4*c + 0*k - l = 5*k. Suppose -c*u + 50 = -4*x - 0*x, 0 = 3*u + 5*x - 75. List the prime factors of u.
5
Suppose 5*u - 10 = 0, -65 = -2*j - u + 1153. Suppose -11*a + 13*a = j. List the prime factors of a.
2, 19
Suppose 3*p - 2*m = 26896, -24*p = -23*p + 4*m - 8942. List the prime factors of p.
2, 4481
Suppose -85*q + 164640 = -77*q. Suppose -15*m = -50*m + q. List the prime factors of m.
2, 3, 7
Suppose 11*f + 5*s - 1653 = 7*f, -414 = -f - s. Suppose 0 = -5*a + y + f, 2*a - 65 = 2*y + 105. What are the prime factors of a?
83
Suppose -l + 4*l = 12. Suppose l*x + 21 = 29. Suppose 2*d = 28 + x. List the prime factors of d.
3, 5
Let l = -88 + 93. Suppose -l*g + 220 = -d + 2, -2*g + 95 = -3*d. Let r = g - -49. List the prime factors of r.
2, 23
Let l(j) = -5*j**2 - 18*j - 2. Let u be l(-4). Let o(c) = -c**3 - 9*c**2 + 10*c